c**2 - 120*c + 17. Give h(7).
10
Let r(q) = 2*q - 90. Determine r(14).
-62
Let z(n) = n**2 + 62*n + 726. Determine z(-32).
-234
Let v(h) = h**3 - 29*h**2 - 8*h + 132. Give v(29).
-100
Let r(h) = -h**3 + 60*h**2 - 893*h + 24799. Give r(52).
-5
Let j(c) = 2*c**2 - 71*c + 201. Give j(32).
-23
Let y(r) = -r**3 + 36*r**2 + 51*r - 1828. Determine y(36).
8
Let y(h) = -h**2 + 13*h - 246. Calculate y(6).
-204
Let b(k) = 18*k**3 + 2*k**2 - 3*k - 6. What is b(2)?
140
Let y(i) = -5*i**2 - 24*i + 6. Calculate y(-6).
-30
Let k(u) = -17*u**2 - 444*u - 39. What is k(-26)?
13
Let i(q) = -3*q**2 + 28*q + 65. What is i(-2)?
-3
Let o(l) = 2*l**3 + 165*l**2 - 80*l + 20. What is o(-83)?
-229
Let b(g) = -176*g - 3703. Determine b(-21).
-7
Let k(m) = 11*m**2 - 4*m + 28. Determine k(4).
188
Let a(u) = u**2 + 10*u + 15. Determine a(0).
15
Let m(q) = -108*q**2 + 1391*q + 185. What is m(13)?
16
Let v(w) = -64*w**3 - 5*w + 5. What is v(1)?
-64
Let g(x) = 19*x + 196. What is g(-34)?
-450
Let j(m) = -m**3 - 94*m**2 - 188*m - 357. Determine j(-92).
11
Let j(b) = b**3 - 34*b**2 - 239*b - 34. What is j(40)?
6
Let f(r) = r**2 - 17*r - 39. What is f(-19)?
645
Let v(u) = u**3 - u**2 - 29*u + 185. What is v(0)?
185
Let d(f) = f**2 - 28*f + 116. What is d(26)?
64
Let t(k) = 100*k**2 + 19*k - 20. Calculate t(1).
99
Let z(x) = 55*x - 626. What is z(16)?
254
Let i(k) = -k**3 - 8*k**2 + 85*k + 16. Calculate i(-14).
2
Let w(l) = l**3 - 10*l**2 + 24*l - 41. Calculate w(8).
23
Let i(h) = 28152*h - 28146. Determine i(1).
6
Let p(r) = -r**3 - 10*r**2 - 27*r - 120. Give p(-6).
-102
Let t(w) = w**3 + 10*w**2 + 68*w + 540. Give t(-9).
9
Let s(h) = 141*h + 482. Calculate s(-3).
59
Let q(v) = -1515*v - 40911. Give q(-27).
-6
Let h(f) = 15*f**2 - 397*f - 208. What is h(27)?
8
Let p(a) = -108*a + 2048. What is p(19)?
-4
Let m(r) = -r**3 - 2*r**2 + 8*r - 18. What is m(2)?
-18
Let r(x) = 6*x**2 - 85*x + 290. Give r(10).
40
Let p(z) = -z**2 - 48*z - 527. Determine p(-28).
33
Let w(a) = 3*a**3 + 28*a**2 - 62*a - 74. Calculate w(-11).
3
Let c(n) = 2*n**3 - 54*n**2 - 250*n + 66. Determine c(31).
4
Let t(g) = -g**2 + 29*g + 208. Determine t(35).
-2
Let j(m) = 770*m - 16185. Calculate j(21).
-15
Let f(u) = 12*u**2 - 45*u - 159. Calculate f(6).
3
Let w(i) = -i**3 + 16*i**2 - 4*i + 62. Calculate w(16).
-2
Let r(u) = -u**3 - 12*u**2 - 3*u + 15. Give r(-12).
51
Let f(m) = -153*m - 40399. Give f(-264).
-7
Let l(q) = 2*q**3 - 17*q**2 + 369*q - 2882. Calculate l(8).
6
Let g(s) = 2*s**3 - 86*s**2 + 869*s - 91. Calculate g(16).
-11
Let p(n) = 315*n - 71836. Calculate p(228).
-16
Let r(h) = -h**3 + 2*h**2 - 18*h + 93. Give r(4).
-11
Let j(n) = 45020*n + 4. Determine j(0).
4
Let v(q) = 599*q + 16168. What is v(-27)?
-5
Let q(h) = -2*h**3 + 20*h**2 + 529*h + 7. Determine q(-12).
-5
Let o(d) = d**2 - 38*d - 257. Calculate o(-6).
7
Let w(u) = -47*u - 1241. Determine w(-26).
-19
Let p(o) = 5*o**3 - 51*o**2 + 69*o - 603. What is p(10)?
-13
Let f(t) = 120*t - 5045. Determine f(42).
-5
Let q(i) = -i**3 - 23*i**2 - 36*i + 139. Determine q(-21).
13
Let q(i) = -1013*i + 12111. Give q(12).
-45
Let s(v) = -6*v + 114. What is s(21)?
-12
Let f(l) = -63*l - 1108. Give f(-15).
-163
Let b(t) = t**3 - 20*t**2 - 92*t - 56. What is b(24)?
40
Let v(m) = 126*m - 8456. What is v(67)?
-14
Let y(f) = -2*f**3 - 12*f**2 - 143*f - 1402. Calculate y(-8).
-2
Let f(s) = -s**3 - 2*s**2 - 16*s + 19. What is f(5)?
-236
Let a(b) = -2*b**2 - 57*b + 415. Give a(6).
1
Let s(z) = 205*z - 38338. Give s(187).
-3
Let p(a) = 1187*a + 47485. Determine p(-40).
5
Let o(z) = -2*z**2 - 49*z + 129. Calculate o(3).
-36
Let u(j) = 14*j + 310. Determine u(-23).
-12
Let w(b) = -2*b - 218. Give w(-8).
-202
Let p(u) = 3*u**3 - 19*u**2 - u - 27. Give p(6).
-69
Let g(t) = -t**2 + 58*t + 1442. Determine g(-19).
-21
Let m(a) = 262*a - 518. Calculate m(2).
6
Let h(i) = 996*i - 9. Calculate h(0).
-9
Let b(q) = 72*q - 245. Determine b(3).
-29
Let w(p) = -42*p + 112. Give w(-2).
196
Let n(a) = -99*a - 986. Give n(-10).
4
Let s(r) = r**2 + 2*r + 31. Give s(-5).
46
Let x(y) = 17*y**2 + 8*y - 20. Give x(2).
64
Let t(p) = p**3 + 18*p**2 + 29*p + 9. Calculate t(-16).
57
Let v(d) = -d**3 - 35*d**2 + 37*d - 78. Calculate v(-36).
-114
Let i(q) = 151*q + 2293. Give i(-15).
28
Let h(w) = 2*w**3 - 36*w**2 - 38*w - 11. Calculate h(19).
-11
Let r(z) = 108*z - 1929. Determine r(21).
339
Let i(x) = -2*x**3 + 56*x**2 - 23*x + 2335. What is i(29)?
-14
Let q(j) = 1196*j + 22729. What is q(-19)?
5
Let r(q) = q**2 + 10*q + 68. Determine r(-5).
43
Let d(m) = 3*m**3 - 299*m**2 + 1065*m - 872. Give d(96).
-8
Let t(i) = -i**3 - 25*i**2 + 206*i + 134. Calculate t(7).
8
Let i(u) = -13*u + 881. What is i(75)?
-94
Let u(c) = 843*c + 2521. Determine u(-3).
-8
Let t(n) = -n**3 + 13*n**2 - 687*n + 8088. Calculate t(12).
-12
Let o(p) = -p**2 - 2*p + 247. Calculate o(-16).
23
Let z(x) = -22*x - 677. Determine z(-31).
5
Let q(r) = -2*r**3 + 17*r**2 - 27*r + 1. Give q(5).
41
Let q(u) = 202*u - 190. Give q(1).
12
Let j(w) = -8*w**2 + 186*w - 23. Give j(26).
-595
Let h(u) = u**2 + 9*u - 145. What is h(-18)?
17
Let j(t) = -3*t**2 + 2*t + 374. Calculate j(-11).
-11
Let j(c) = -2*c**2 - 121*c + 2820. Determine j(18).
-6
Let x(v) = -v**3 - 9*v**2 + 17*v + 139. What is x(-10)?
69
Let o(v) = 728*v + 11667. What is o(-16)?
19
Let f(n) = 2*n**2 - 125*n - 146. Calculate f(64).
46
Let q(l) = l**3 + 4*l**2 + 30*l - 39. Give q(8).
969
Let t(l) = l**2 + 12*l - 293. What is t(-22)?
-73
Let x(f) = -f**2 + 4*f + 675. Give x(-27).
-162
Let o(s) = -9*s**2 + 87*s - 45. Determine o(9).
9
Let r(m) = -m**3 + 13*m**2 - m + 27. Give r(13).
14
Let p(g) = -g**3 - 11*g**2 + 37*g - 16. Give p(3).
-31
Let w(y) = -2*y**3 - 54*y**2 - 98*y + 43. Give w(-25).
-7
Let u(v) = 13*v + 246. Give u(-32).
-170
Let v(i) = 3*i**3 + 8*i**2 - 7*i + 17. What is v(-7)?
-571
Let x(m) = 2*m**2 + 453*m - 1369. What is x(3)?
8
Let m(x) = -16*x + 70. Determine m(3).
22
Let z(s) = 165*s**2 + 15*s - 14. Determine z(1).
166
Let d(m) = -86*m + 907. Give d(13).
-211
Let p(y) = y**3 - 20*y**2 + 12*y + 28. Give p(20).
268
Let f(u) = -u**3 + u**2 + 12*u - 63. Calculate f(6).
-171
Let b(g) = -g**2 - 24*g - 125. What is b(-20)?
-45
Let c(m) = -m + 32. Determine c(38).
-6
Let v(n) = n**3 + 4*n**2 - 515*n - 3015. Give v(-6).
3
Let b(k) = k**2 - 6*k - 18. Give b(7).
-11
Let b(s) = 2*s + 320. Calculate b(-156).
8
Let h(s) = -23*s - 72. Determine h(0).
-72
Let c(x) = -x**3 - 14*x**2 + 58*x + 106. Calculate c(-17).
-13
Let l(m) = -m**3 + 23*m**2 + 11*m. Determine l(23).
253
Let j(q) = -9*q**3 + 7*q**2 - 11*q + 8. Give j(1).
-5
Let b(r) = 6*r**2 - 147*r - 232. Give b(26).
2
Let w(f) = -3*f**2 + 3*f + 84. Determine w(-9).
-186
Let k(t) = -184*t. Give k(-1).
184
Let p(f) = f**3 + 21*f**2 - 313*f - 6146. Calculate p(-23).
-5
Let p(i) = i**3 - 14*i - 34. Give p(-3).
-19
Let j(x) = 5*x**2 - 6*x - 18. Give j(-6).
198
Let d(q) = 69*q - 1210. What is d(15)?
-175
Let v(o) = -o + 485. Give v(-15).
500
Let b(m) = 72*m + 4170. Give b(-57).
66
Let j(a) = 407*a - 3626. Give j(9).
37
Let j(w) = -2*w**3 + 103*w**2 - 1184*w - 204. Determine j(34).
0
Let x(q) = -665*q - 5983. What is x(-9)?
2
Let l(j) = 31*j - 1350. Determine l(43).
-17
Let i(o) = -o**2 + 4*o + 571. What is i(26)?
-1
Let m(p) = -10*p + 302. Give m(26).
42
Let r(p) = 2*p**2 - 130*p - 765. Determine r(70).
-65
Let k(i) = -i**2 + 10*i + 350. Give k(26).
-66
Let u(c) = c**3 + 30*c**2 + 46*c + 273. Calculate u(-29).
-220
Let m(a) = 5*a**2 - 469*a + 1280. Determine m(91).
6
Let y(m) = -44*m - 2151. What is y(-49)?
5
Let d(l) = l**3 - 45*l**2 + 436*l - 45. What is d(31)?
17
Let k(j) = 98*j**3 - j**2 - j - 1. Determine k(-1).
-99
Let p(f) = -26*f**2 - 78*f + 111. Give p(1).
7
Let a(c) = -9*c**2 + 71*c - 41. Give a(9).
-131
Let w(u) = -447*u - 1769. Calculate w(-4).
19
Let o(b) = -b**3 + 29*b**2 + 171*b - 5327. Calculate o(14).
7
Let m(p) = -p**2 - 47*p - 156. Give m(-43).
16
Let n(s) = 11*s**3 + 472*s**2 - 34*s + 396. Calculate n(-43).
9
Let a(g) = g**3 - 14*g**2 + 10*g + 45. Determine a(14).
185
Let w(a) = -43*a - 30. Determine w(-9).
357
Let m(i) = -11*i + 400. Give m(21).
169
Let g(y) = -y**3 - 38*y**2 + 79*y + 31. Calculate g(-40).
71
Let w(z) = z**2 - 26*z - 186. Determine w(27).
-159
Let d(a) = -a**2 + 65*a - 824. What is d(13)?
